{"id":74,"date":"2024-05-21T17:58:37","date_gmt":"2024-05-21T17:58:37","guid":{"rendered":"https:\/\/bts-fixings.es\/?page_id=74"},"modified":"2024-05-23T21:07:49","modified_gmt":"2024-05-23T21:07:49","slug":"productos","status":"publish","type":"page","link":"https:\/\/bts-fixings.es\/index.php\/productos\/","title":{"rendered":"PRODUCTOS"},"content":{"rendered":"\t\t<div data-elementor-type=\"wp-page\" data-elementor-id=\"74\" class=\"elementor elementor-74\">\n\t\t\t\t<div class=\"elementor-element elementor-element-f2065d5 e-grid e-con-boxed e-con e-parent\" data-id=\"f2065d5\" data-element_type=\"container\">\n\t\t\t\t\t<div class=\"e-con-inner\">\n\t\t\t\t<div class=\"elementor-element elementor-element-3c8f8d5 elementor-position-top elementor-widget elementor-widget-image-box\" data-id=\"3c8f8d5\" data-element_type=\"widget\" data-widget_type=\"image-box.default\">\n\t\t\t\t<div class=\"elementor-widget-container\">\n\t\t\t\t\t<div class=\"elementor-image-box-wrapper\"><figure class=\"elementor-image-box-img\"><img fetchpriority=\"high\" decoding=\"async\" width=\"2560\" height=\"1078\" src=\"https:\/\/bts-fixings.es\/wp-content\/uploads\/2024\/05\/Imagen1-1-scaled.jpg\" class=\"attachment-full size-full wp-image-281\" alt=\"\" srcset=\"https:\/\/bts-fixings.es\/wp-content\/uploads\/2024\/05\/Imagen1-1-scaled.jpg 2560w, https:\/\/bts-fixings.es\/wp-content\/uploads\/2024\/05\/Imagen1-1-scaled-600x253.jpg 600w, https:\/\/bts-fixings.es\/wp-content\/uploads\/2024\/05\/Imagen1-1-300x126.jpg 300w, https:\/\/bts-fixings.es\/wp-content\/uploads\/2024\/05\/Imagen1-1-1024x431.jpg 1024w, https:\/\/bts-fixings.es\/wp-content\/uploads\/2024\/05\/Imagen1-1-768x323.jpg 768w, https:\/\/bts-fixings.es\/wp-content\/uploads\/2024\/05\/Imagen1-1-1536x647.jpg 1536w, https:\/\/bts-fixings.es\/wp-content\/uploads\/2024\/05\/Imagen1-1-2048x862.jpg 2048w\" sizes=\"(max-width: 2560px) 100vw, 2560px\" \/><\/figure><div class=\"elementor-image-box-content\"><h3 class=\"elementor-image-box-title\">Sistemas de Instalaci\u00f3n<\/h3><p class=\"elementor-image-box-description\">- Ra\u00edles y sus accesorios                                        \n- Abrazaderas                                                            \n- Accesorios de Montaje<\/p><\/div><\/div>\t\t\t\t<\/div>\n\t\t\t\t<\/div>\n\t\t\t\t<div class=\"elementor-element elementor-element-0b2d3e6 elementor-position-top elementor-widget elementor-widget-image-box\" data-id=\"0b2d3e6\" data-element_type=\"widget\" data-widget_type=\"image-box.default\">\n\t\t\t\t<div class=\"elementor-widget-container\">\n\t\t\t\t\t<div class=\"elementor-image-box-wrapper\"><figure class=\"elementor-image-box-img\"><img decoding=\"async\" width=\"3969\" height=\"2076\" src=\"https:\/\/bts-fixings.es\/wp-content\/uploads\/2024\/05\/GRUPO-11.png\" class=\"attachment-full size-full wp-image-283\" alt=\"\" srcset=\"https:\/\/bts-fixings.es\/wp-content\/uploads\/2024\/05\/GRUPO-11.png 3969w, https:\/\/bts-fixings.es\/wp-content\/uploads\/2024\/05\/GRUPO-11-600x314.png 600w, https:\/\/bts-fixings.es\/wp-content\/uploads\/2024\/05\/GRUPO-11-300x157.png 300w, https:\/\/bts-fixings.es\/wp-content\/uploads\/2024\/05\/GRUPO-11-1024x536.png 1024w, https:\/\/bts-fixings.es\/wp-content\/uploads\/2024\/05\/GRUPO-11-768x402.png 768w, https:\/\/bts-fixings.es\/wp-content\/uploads\/2024\/05\/GRUPO-11-1536x803.png 1536w, https:\/\/bts-fixings.es\/wp-content\/uploads\/2024\/05\/GRUPO-11-2048x1071.png 2048w\" sizes=\"(max-width: 3969px) 100vw, 3969px\" \/><\/figure><div class=\"elementor-image-box-content\"><h3 class=\"elementor-image-box-title\">Sistemas de  Fijaci\u00f3n<\/h3><p class=\"elementor-image-box-description\">- Fijaciones Pl\u00e1sticas\n- Fijaciones met\u00e1licas\n- Fijaciones Qu\u00edmicas<\/p><\/div><\/div>\t\t\t\t<\/div>\n\t\t\t\t<\/div>\n\t\t\t\t<div class=\"elementor-element elementor-element-98f0101 elementor-position-top elementor-widget elementor-widget-image-box\" data-id=\"98f0101\" data-element_type=\"widget\" data-widget_type=\"image-box.default\">\n\t\t\t\t<div class=\"elementor-widget-container\">\n\t\t\t\t\t<div class=\"elementor-image-box-wrapper\"><figure class=\"elementor-image-box-img\"><img decoding=\"async\" width=\"1121\" height=\"1699\" src=\"https:\/\/bts-fixings.es\/wp-content\/uploads\/2024\/05\/grupo-02-1.jpg\" class=\"attachment-full size-full wp-image-290\" alt=\"\" srcset=\"https:\/\/bts-fixings.es\/wp-content\/uploads\/2024\/05\/grupo-02-1.jpg 1121w, https:\/\/bts-fixings.es\/wp-content\/uploads\/2024\/05\/grupo-02-1-600x909.jpg 600w, https:\/\/bts-fixings.es\/wp-content\/uploads\/2024\/05\/grupo-02-1-198x300.jpg 198w, https:\/\/bts-fixings.es\/wp-content\/uploads\/2024\/05\/grupo-02-1-676x1024.jpg 676w, https:\/\/bts-fixings.es\/wp-content\/uploads\/2024\/05\/grupo-02-1-768x1164.jpg 768w, https:\/\/bts-fixings.es\/wp-content\/uploads\/2024\/05\/grupo-02-1-1013x1536.jpg 1013w\" sizes=\"(max-width: 1121px) 100vw, 1121px\" \/><\/figure><div class=\"elementor-image-box-content\"><h3 class=\"elementor-image-box-title\">Fijaciones R\u00e1pidas<\/h3><p class=\"elementor-image-box-description\">- Para estructuras met\u00e1licas - Fijaciones R\u00e1pidas<\/p><\/div><\/div>\t\t\t\t<\/div>\n\t\t\t\t<\/div>\n\t\t\t\t\t<\/div>\n\t\t\t\t<\/div>\n\t\t<div class=\"elementor-element elementor-element-b4bef1b e-grid e-con-boxed e-con e-parent\" data-id=\"b4bef1b\" data-element_type=\"container\">\n\t\t\t\t\t<div class=\"e-con-inner\">\n\t\t\t\t<div class=\"elementor-element elementor-element-551b0ae elementor-position-top elementor-widget elementor-widget-image-box\" data-id=\"551b0ae\" data-element_type=\"widget\" data-widget_type=\"image-box.default\">\n\t\t\t\t<div class=\"elementor-widget-container\">\n\t\t\t\t\t<div class=\"elementor-image-box-wrapper\"><figure class=\"elementor-image-box-img\"><img loading=\"lazy\" decoding=\"async\" width=\"634\" height=\"977\" src=\"https:\/\/bts-fixings.es\/wp-content\/uploads\/2024\/05\/0000-b-1.jpg\" class=\"attachment-full size-full wp-image-300\" alt=\"\" srcset=\"https:\/\/bts-fixings.es\/wp-content\/uploads\/2024\/05\/0000-b-1.jpg 634w, https:\/\/bts-fixings.es\/wp-content\/uploads\/2024\/05\/0000-b-1-600x925.jpg 600w, https:\/\/bts-fixings.es\/wp-content\/uploads\/2024\/05\/0000-b-1-195x300.jpg 195w\" sizes=\"(max-width: 634px) 100vw, 634px\" \/><\/figure><div class=\"elementor-image-box-content\"><h3 class=\"elementor-image-box-title\">Suspensi\u00f3n por Cable<\/h3><p class=\"elementor-image-box-description\">- Sistemas flexibles de suspensi\u00f3n<\/p><\/div><\/div>\t\t\t\t<\/div>\n\t\t\t\t<\/div>\n\t\t\t\t<div class=\"elementor-element elementor-element-7d590d9 elementor-position-top elementor-widget elementor-widget-image-box\" data-id=\"7d590d9\" data-element_type=\"widget\" data-widget_type=\"image-box.default\">\n\t\t\t\t<div class=\"elementor-widget-container\">\n\t\t\t\t\t<div class=\"elementor-image-box-wrapper\"><figure class=\"elementor-image-box-img\"><img loading=\"lazy\" decoding=\"async\" width=\"871\" height=\"2560\" src=\"https:\/\/bts-fixings.es\/wp-content\/uploads\/2024\/05\/Imagen2b-scaled.jpg\" class=\"attachment-full size-full wp-image-152\" alt=\"\" srcset=\"https:\/\/bts-fixings.es\/wp-content\/uploads\/2024\/05\/Imagen2b-scaled.jpg 871w, https:\/\/bts-fixings.es\/wp-content\/uploads\/2024\/05\/Imagen2b-scaled-600x1763.jpg 600w, https:\/\/bts-fixings.es\/wp-content\/uploads\/2024\/05\/Imagen2b-102x300.jpg 102w, https:\/\/bts-fixings.es\/wp-content\/uploads\/2024\/05\/Imagen2b-768x2256.jpg 768w, https:\/\/bts-fixings.es\/wp-content\/uploads\/2024\/05\/Imagen2b-523x1536.jpg 523w, https:\/\/bts-fixings.es\/wp-content\/uploads\/2024\/05\/Imagen2b-697x2048.jpg 697w\" sizes=\"(max-width: 871px) 100vw, 871px\" \/><\/figure><div class=\"elementor-image-box-content\"><h3 class=\"elementor-image-box-title\">Perforaci\u00f3n y Demolici\u00f3n<\/h3><p class=\"elementor-image-box-description\">- Perforaci\u00f3n para hormig\u00f3n y mamposter\u00eda - Perforaci\u00f3n para metal - Perforaci\u00f3n para madera<\/p><\/div><\/div>\t\t\t\t<\/div>\n\t\t\t\t<\/div>\n\t\t\t\t<div class=\"elementor-element elementor-element-ae6efcc elementor-position-top elementor-widget elementor-widget-image-box\" data-id=\"ae6efcc\" data-element_type=\"widget\" data-widget_type=\"image-box.default\">\n\t\t\t\t<div class=\"elementor-widget-container\">\n\t\t\t\t\t<div class=\"elementor-image-box-wrapper\"><figure class=\"elementor-image-box-img\"><img loading=\"lazy\" decoding=\"async\" width=\"1401\" height=\"2512\" src=\"https:\/\/bts-fixings.es\/wp-content\/uploads\/2024\/05\/GRUPO-10b.jpg\" class=\"attachment-full size-full wp-image-150\" alt=\"\" srcset=\"https:\/\/bts-fixings.es\/wp-content\/uploads\/2024\/05\/GRUPO-10b.jpg 1401w, https:\/\/bts-fixings.es\/wp-content\/uploads\/2024\/05\/GRUPO-10b-600x1076.jpg 600w, https:\/\/bts-fixings.es\/wp-content\/uploads\/2024\/05\/GRUPO-10b-167x300.jpg 167w, https:\/\/bts-fixings.es\/wp-content\/uploads\/2024\/05\/GRUPO-10b-571x1024.jpg 571w, https:\/\/bts-fixings.es\/wp-content\/uploads\/2024\/05\/GRUPO-10b-768x1377.jpg 768w, https:\/\/bts-fixings.es\/wp-content\/uploads\/2024\/05\/GRUPO-10b-857x1536.jpg 857w, https:\/\/bts-fixings.es\/wp-content\/uploads\/2024\/05\/GRUPO-10b-1142x2048.jpg 1142w\" sizes=\"(max-width: 1401px) 100vw, 1401px\" \/><\/figure><div class=\"elementor-image-box-content\"><h3 class=\"elementor-image-box-title\">Fijaci\u00f3n por Tornillo<\/h3><p class=\"elementor-image-box-description\">- Tornillos para metal - Tornillos para madera - Tornillos para Aluminio<\/p><\/div><\/div>\t\t\t\t<\/div>\n\t\t\t\t<\/div>\n\t\t\t\t\t<\/div>\n\t\t\t\t<\/div>\n\t\t\t\t<\/div>\n\t\t","protected":false},"excerpt":{"rendered":"<p>Sistemas de Instalaci\u00f3n &#8211; Ra\u00edles y sus accesorios &#8211; Abrazaderas &#8211; Accesorios de Montaje Sistemas de Fijaci\u00f3n &#8211; Fijaciones Pl\u00e1sticas &#8211; Fijaciones met\u00e1licas &#8211; Fijaciones Qu\u00edmicas Fijaciones R\u00e1pidas &#8211; Para estructuras met\u00e1licas &#8211; Fijaciones R\u00e1pidas Suspensi\u00f3n por Cable &#8211; Sistemas flexibles de suspensi\u00f3n Perforaci\u00f3n y Demolici\u00f3n &#8211; Perforaci\u00f3n para hormig\u00f3n y mamposter\u00eda &#8211; Perforaci\u00f3n para [&hellip;]<\/p>\n","protected":false},"author":1,"featured_media":0,"parent":0,"menu_order":0,"comment_status":"closed","ping_status":"closed","template":"","meta":{"footnotes":""},"class_list":["post-74","page","type-page","status-publish","hentry"],"_links":{"self":[{"href":"https:\/\/bts-fixings.es\/index.php\/wp-json\/wp\/v2\/pages\/74","targetHints":{"allow":["GET"]}}],"collection":[{"href":"https:\/\/bts-fixings.es\/index.php\/wp-json\/wp\/v2\/pages"}],"about":[{"href":"https:\/\/bts-fixings.es\/index.php\/wp-json\/wp\/v2\/types\/page"}],"author":[{"embeddable":true,"href":"https:\/\/bts-fixings.es\/index.php\/wp-json\/wp\/v2\/users\/1"}],"replies":[{"embeddable":true,"href":"https:\/\/bts-fixings.es\/index.php\/wp-json\/wp\/v2\/comments?post=74"}],"version-history":[{"count":16,"href":"https:\/\/bts-fixings.es\/index.php\/wp-json\/wp\/v2\/pages\/74\/revisions"}],"predecessor-version":[{"id":304,"href":"https:\/\/bts-fixings.es\/index.php\/wp-json\/wp\/v2\/pages\/74\/revisions\/304"}],"wp:attachment":[{"href":"https:\/\/bts-fixings.es\/index.php\/wp-json\/wp\/v2\/media?parent=74"}],"curies":[{"name":"wp","href":"https:\/\/api.w.org\/{rel}","templated":true}]}}